-2*d + 3*r = -7*d - 36. What are the prime factors of (16/d)/((-4)/18)?
2, 3
Suppose -o + 5*b = 2*o - 13, 2*o - 15 = -3*b. Let g = -3 + o. Suppose 2*y - 10 = -4*f, 2*f = f - g*y. What are the prime factors of f?
3
Suppose -4*c = 2*x - 290, 2*c = 2*x + x - 443. List the prime factors of x.
3, 7
What are the prime factors of 0 + 210 - (6 - 5)?
11, 19
Suppose -9*w - 86 + 311 = 0. What are the prime factors of w?
5
Suppose 2*u - 6 = 2*i - 3*i, u + 7 = 2*i. List the prime factors of 40/(-6)*(-10 + i).
2, 5
Let t be -48*(56/(-12) + 3). Suppose -2*a + b + t = 5*b, 2*a = b + 60. List the prime factors of a.
2
Let u = -3 + 5. Suppose 0 = -5*d + 6*d + 1, u*a - 2 = -2*d. Suppose 4*w - 36 = -2*i, 0*w = -a*i + 4*w + 12. List the prime factors of i.
2, 3
Suppose -a = -17 - 11. What are the prime factors of a + (1/(-1) - -5)?
2
Let d(c) = c - 1. Let l(k) = 10*k - 12. Let h(n) = -5*d(n) + l(n). List the prime factors of h(9).
2, 19
Let n(o) be the first derivative of 2*o**4/3 + o**3/6 - 3*o - 3. Let j(p) be the first derivative of n(p). What are the prime factors of j(-1)?
7
Let h(v) = -5*v - 3. Let b = -5 - 0. List the prime factors of h(b).
2, 11
Let f = -79 + 139. What are the prime factors of f?
2, 3, 5
Suppose 0 = 3*x - 850 - 437. What are the prime factors of x?
3, 11, 13
Let h(o) = 2*o - 1. Let c be h(4). What are the prime factors of 1/1 + 14/c?
3
Let c(j) = j**3 + 4*j**2 - 6*j + 2. Let p be c(-5). Let r(l) = 4*l**2 + 2*l**2 - 1 + 10 + 8*l - l**3. List the prime factors of r(p).
2
Let l = -38 + 69. What are the prime factors of l/3 - (-1)/(-3)?
2, 5
Let n(d) = 155*d**2 + d + 1. What are the prime factors of n(-1)?
5, 31
Let s(y) be the first derivative of y**4/4 - y**3 + y**2 + 3*y - 1. Let b be (-2)/((-28)/(-12) - 3). What are the prime factors of s(b)?
3
Let i = 6 - 7. List the prime factors of 3 + 7/(2 + i).
2, 5
Let p(f) be the first derivative of -f**4/4 + 2*f**3 + 9*f**2/2 + f - 3. List the prime factors of p(7).
3, 5
Let t(j) be the third derivative of -j**7/630 - j**6/720 + j**5/20 + 3*j**2. Let g(b) be the third derivative of t(b). List the prime factors of g(-2).
3, 5
Let f(o) = -19*o + 5. List the prime factors of f(-3).
2, 31
Let s(p) = -p**2 + 6*p + 1. Let h be s(7). What are the prime factors of h/(-21) - 89/(-7)?
13
Let r(o) = -3*o**2 - 13*o - 6. Let a(c) = -4*c**2 - 14*c - 5. Let f(m) = -2*a(m) + 3*r(m). List the prime factors of f(-10).
2
Let w be (-77)/(-4) + 3/(-12). Let g be 0 + 0 + 0*4/(-8). Suppose 3*o = -2*h + w, -11 = -3*h - g*h - o. What are the prime factors of h?
2
Let q be (-3)/(-1 - (-2)/4). Suppose 0 = -5*l + q + 19. List the prime factors of l.
5
Let u = 1 - -4. Suppose 9 = 4*q + 21. Let c = u + q. What are the prime factors of c?
2
List the prime factors of (-4 - 0)/4 + 57.
2, 7
What are the prime factors of (4/12)/(3/351)?
3, 13
Let k(b) = -b + 16. Let g be k(12). Suppose g*j + 1 = 77. List the prime factors of j.
19
Suppose -3*k - 3 = -5*f, -3*f - 4*k + 19 = -2*f. Suppose 4*j + f*x + 8 = 4, 4*j = -x + 4. What are the prime factors of j?
2
Suppose -3*v + 2 = -2*v. Let w(u) = 3*u**2 + u + 2. List the prime factors of w(v).
2
Suppose 0 = -3*c - 2*d - 23 + 57, 4*d + 2 = -c. List the prime factors of c.
2, 7
Let w be 0 + 13 - (-9)/(-3). Let u = w - -14. List the prime factors of u.
2, 3
Let f(s) be the first derivative of -2 + 11/3*s**3 - s - 1/2*s**2. What are the prime factors of f(-1)?
11
Let o be -2 + (-196)/(-6)*3. Let n = -57 + o. List the prime factors of n.
3, 13
Let f = -113 + 125. List the prime factors of f.
2, 3
Let v(w) = -69*w. What are the prime factors of v(-1)?
3, 23
Suppose 4*v = 6*v - 3*w + 7, -5*v + 4*w = 7. Suppose 5 = y + v. Suppose -2*l + 8 - y = 0. What are the prime factors of l?
2
Let c(z) = z**3 - 15*z**2 - 13*z + 18. What are the prime factors of c(16)?
2, 3, 11
Let x(t) = t + 4. What are the prime factors of x(12)?
2
Let q(o) = o - 1. Let f = -6 + 16. List the prime factors of q(f).
3
Let u = -322 - -499. What are the prime factors of u?
3, 59
What are the prime factors of 0 - -2 - (-338 + 6 + -2)?
2, 3, 7
Let g(h) = 19*h**2 + 2*h - 5. What are the prime factors of g(-3)?
2, 5
Let l be (-1)/1 - (-44)/4. Suppose -2*m - 8 = -4*m - 2*y, 5*y - 20 = 0. Suppose m*x + 2*x - l = 0. List the prime factors of x.
5
Suppose 4*u - 1 = -13. List the prime factors of 8/u*9/(-2).
2, 3
Let f = 18 + -13. Suppose f*h + 56 = 6. What are the prime factors of 18/(-12)*h/3?
5
Suppose -x = x - 6. Suppose -a + 12 = x*a. Suppose 15 + 6 = a*n. List the prime factors of n.
7
Let i(l) = -2*l + 20. List the prime factors of i(6).
2
List the prime factors of 1 - ((-252)/6 + -5).
2, 3
Let t(u) = u**2 - 10*u + 9. Let n be t(9). Suppose 9 = 2*l - n*a - 3*a, 5*l = 5*a + 25. List the prime factors of l.
2, 3
List the prime factors of (57/(-9) - -3)*6/(-4).
5
List the prime factors of (-6)/(-33) + (-2628)/(-66).
2, 5
List the prime factors of 6/(-33) - (-10460)/55.
2, 5, 19
Let w = 1 + 1. List the prime factors of 1 + (6 - 0) + w.
3
Suppose 5*k = -2*r + 21, 0*k + 6 = 5*k - 3*r. Suppose 0 = 2*j - 4*p - 9 + 3, -k*j + 2*p = -13. List the prime factors of 3/j + (-94)/(-10).
2, 5
Suppose 55 = -7*o + 307. What are the prime factors of o?
2, 3
Suppose 0 = -2*l - 2, 4*r + 0*r + 2*l = 14. What are the prime factors of r?
2
Let g = 3 - 1. Suppose 5*z - 5*i - 65 = 0, -g*z + 1 = 3*i - 15. List the prime factors of z.
11
Let k(v) = -v**2 - 15*v - 4. List the prime factors of k(-11).
2, 5
Suppose 3*z - 83 = a, -a + 2*a + 2 = 0. Suppose u - m - z = 0, 2*u - u - 2 = -4*m. What are the prime factors of u?
2, 11
Suppose -s + 127 = -49. List the prime factors of s/40*(5 - 0).
2, 11
Suppose 35 = v - 5*y + 10, v - 19 = 2*y. Suppose -4*b - b = v. List the prime factors of (54/(-24))/(b/8).
2, 3
Let p = 2 - 1. Let t be -1 - p - (-128)/(-2). List the prime factors of t/9*(-3)/2.
11
Let y be 3*(-1)/3*-3. Suppose 3*n = y*s + 14 - 5, n + 5 = 5*s. Suppose 0 = n*l - 0*l - 70. What are the prime factors of l?
2, 7
Let q = 9 + -5. Suppose q*t + r + 32 = 0, -10 = t + t + 2*r. List the prime factors of 3*2*t/(-6).
3
Let p be (14/21)/((-1)/(-9)). Suppose -4*y - 58 = -p*y. What are the prime factors of y?
29
Let b(k) be the third derivative of k**4/12 - 5*k**3/3 - k**2. Let l be b(8). Suppose 0 = -0*o - 3*o + l. What are the prime factors of o?
2
Let i be ((-72)/84)/((-6)/28). Let g(h) = -h**3 + 6*h**2 - 4*h + 5. List the prime factors of g(i).
3, 7
Let j be ((-6)/(-5))/((-18)/(-60)). Let l(w) = -w**2 - 4*w. Let v be l(-2). Suppose 0*u = -v*d - u + 57, -2*d + 42 = -j*u. List the prime factors of d.
3, 5
Suppose 3*u + u = -132. Let b = 66 + u. List the prime factors of b.
3, 11
Let g(k) = 7*k + 10. Let d(r) = -13*r - 21. Let z(c) = -6*d(c) - 11*g(c). List the prime factors of z(-11).
5
Let a = -35 - -75. Suppose -3*w + w - j = -17, a = 5*w + 3*j. List the prime factors of w.
11
Let d(z) = -z - 5. Let k(l) = l**2 + 10*l - 7. Let a be k(-10). Let t be d(a). Let q = t - -5. List the prime factors of q.
7
Let f = -6 + 8. Suppose -18 = -x + f*c, -2*x + 65 = 2*x - c. List the prime factors of x.
2
Suppose 3*g + 5*i - 10 = 0, -2*i - 30 = -5*g + 3*i. List the prime factors of g.
5
Suppose 163 = 4*y + 63. What are the prime factors of y?
5
Let d(l) = -l**2 - 5*l + 5. Suppose -12 = s + 2*s + 2*h, -2*h = 2*s + 6. Let b be d(s). List the prime factors of b/(-1*(-3)/(-30)).
2, 5
Suppose -2*t + 74 = -0*t. Suppose 2*y - t = 9. What are the prime factors of y?
23
Let d be 12/9*3/2. Suppose 2*m = d*a + 14, -3*m + 4*a = -7*m + 12. Suppose 26 = 2*w - m*n, 4*w - 52 = 7*n - 2*n. What are the prime factors of w?
13
Suppose 0 = 3*t, -3*f + t = -0*f - 9. Let m(u) = u**3 + u**2. Let w be m(0). Let k = f - w. What are the prime factors of k?
3
Let c = -14 + 69. What are the prime factors of c?
5, 11
Let t be (-83)/(-1) - (-14)/7. Suppose 0*f - t = 5*f. Let b = f + 27. List the prime factors of b.
2, 5
Let h = 367 - 156. Suppose 0 = 5*s - h + 16. Suppose 3*a - s = -4*p, -7*p + 3*p + 32 = -4*a. List the prime factors of p.
3
Suppose 0*f - 4*d - 17 = -f, -4*f - d = -17. Let v = -20 - -35. Suppose m - v = -3*r, f*m + r - 55 = 20. What are the prime factors of m?
3, 5
Suppose 3*z + z = -4. What are the prime factors of z + 0 + 2 + 1?
2
Let y(f) = -f**3 - 2*f**2 + 2*f - 1. Let a be y(1). Let 